= 262*r - 74. What are the prime factors of n(10)?
2, 19, 67
Let y(a) = a + 3. Let d be y(1). Let x(w) = -3*w - 1 + 5*w - 5*w - d*w. List the prime factors of x(-7).
2, 3
Suppose 5*t + 0*t - 3*q - 106 = 0, 2*t = 2*q + 44. Let i be (t/(-8))/(-5)*-2. What are the prime factors of (-24)/i*9/12?
2, 3
Let m be (-6)/(-9) + 4/(-6). Suppose 4*w - 4 = m, 5*w = 4*a - 0*a - 239. List the prime factors of a.
61
Suppose 5*g = 4*s - 683, 5*s + 6*g - 829 = 4*g. Let y = s - 71. Let f = -64 + y. What are the prime factors of f?
2
Suppose -3*x - 2*v = -1482, x + v = 566 - 72. Suppose 5*z - 171 = x. What are the prime factors of z?
7, 19
Let h = -256 - -567. List the prime factors of h.
311
Let w be ((-2451)/(-8))/3 + (-2)/16. Let q = w + -97. List the prime factors of q.
5
Suppose 10*a - 11*a = 0. What are the prime factors of 1/(-2)*(a + -10)?
5
Suppose -7*y - 15 = -8. List the prime factors of ((-459)/5 - (-1)/(-5))/y.
2, 23
Let o(r) be the second derivative of -r**5/20 + r**4 - 4*r**3/3 + 11*r**2/2 + 13*r. List the prime factors of o(8).
7, 29
Let d(o) = -o**2 + 3*o + 456. What are the prime factors of d(0)?
2, 3, 19
Let c(z) = 3*z - 56. Let x be c(19). List the prime factors of -430*(-4)/(-8)*(-1)/x.
5, 43
Suppose 0 = 7*m - 4*m - 30. Let o(l) = -l**2 + 10*l - 6. Let h be o(m). What are the prime factors of ((-2)/h)/((-5)/(-240))?
2
Let k(y) = -y**3 - 6*y**2 + 9*y - 2. Suppose -5*n + 3*n - 16 = 0. List the prime factors of k(n).
2, 3
Let x be (2 + -1)*(0 + 2). Let j(r) be the third derivative of r**4/3 - r**3/2 + 7*r**2. What are the prime factors of j(x)?
13
Suppose 16 = 2*u - 4. Let l be 515/u - 2/(-4). Suppose 0 = 3*y + y - l. List the prime factors of y.
13
List the prime factors of -245*(76/(-20) + 2).
3, 7
What are the prime factors of (-102)/(-969) - (-10239)/19?
7, 11
Let f = -5 + 10. Let h be (-1)/(-2)*4 + -2 + 7. Suppose -f*n + h = 2*w, n - 4*w = 9 + 10. What are the prime factors of n?
3
Suppose 3*v + 3093 = p - 0*p, -5*p + 15446 = 4*v. List the prime factors of p.
2, 3, 5, 103
What are the prime factors of 3/(-3)*(-13)/(26/9766)?
19, 257
What are the prime factors of 8 + (-1 - 6324/(-4))?
2, 397
Suppose 5*r = -305 + 1355. List the prime factors of r.
2, 3, 5, 7
Suppose 0 = -v + 6 - 4. Let r(b) = -6*b**2 + 4*b - 3. Let s be r(v). What are the prime factors of 3 + (2 - (s - 0))?
2, 3
Let q(a) = a**3 - 2*a**2 + 2*a - 1. Suppose -5*l - 4*z = 15, 0*l + 5*z + 24 = -l. Let x be q(l). Suppose x = -4*g + 5*g - 48. List the prime factors of g.
2, 3
Let u(p) = 2*p + 4. Let q be u(0). Suppose 3*j + q*t + 5 + 0 = 0, 3*j + 5*t + 10 = 0. Suppose j = -4*z - z, 88 = 5*d - 3*z. What are the prime factors of d?
17
Let y(g) = -495*g**3 - 2*g**2 - 3*g. What are the prime factors of y(-1)?
2, 31
Let t be (0 - 0 - 3 - -2) + -5. Let b(i) = 5*i. Let o(p) = 1. Let j(x) = -b(x) - 6*o(x). What are the prime factors of j(t)?
2, 3
Let c(w) = 13*w**2 + w + 2. List the prime factors of c(-5).
2, 7, 23
Suppose -3770 = -70*n + 46000. List the prime factors of n.
3, 79
Suppose 4*c + 4*b - 1900 = 0, c + b - 478 = -3*b. List the prime factors of c.
2, 3, 79
Suppose -79*c + 7738 = -26*c. What are the prime factors of c?
2, 73
Suppose 194 = 4*a - 190. Let t be (1/(-2))/(8/a). List the prime factors of 4/t - (-66)/18.
3
What are the prime factors of -9 - ((-7 - -12) + -2519)?
3, 5, 167
Let h(d) = d**3 - 13*d**2 - 9*d + 41. Let y = -37 + 51. What are the prime factors of h(y)?
3, 37
Suppose 0 = 19*y + 4735 - 35477. List the prime factors of y.
2, 809
Let x = -406 - -733. What are the prime factors of x?
3, 109
Let c(q) = -5 + q - 11 - 3 - 3*q. Let o be c(-11). What are the prime factors of -3 + 56 + o - -4?
2, 3, 5
Let n(a) = 14*a + 132. List the prime factors of n(2).
2, 5
Let l be ((-6)/5)/((-24)/60). Suppose 5*t - 8*c + l*c - 15 = 0, -2*c - 6 = -5*t. Suppose t = -4*w - 10 + 98. What are the prime factors of w?
2, 11
Suppose 2*i - 2474 = 3*a - 7*a, 5*a = 25. What are the prime factors of i?
3, 409
Let v = 70 - 50. Let l(d) = -d - 3. Let c be l(-6). Suppose -22 = -5*s + c*q, 4*s = 4*q + v - 4. List the prime factors of s.
5
Suppose 7*s = 2*s + 110. Suppose 2*d - 82 = -s. What are the prime factors of d?
2, 3, 5
Suppose s + 5*k - 537 = 0, s = -4*s + k + 2711. What are the prime factors of s?
2, 271
Suppose x = 6*x + 10, 3*x = -3*z + 1185. What are the prime factors of z?
397
Let x(b) = 5*b + 9. Suppose -26 = -4*i + 14. Let r be x(i). Let y = r + -40. What are the prime factors of y?
19
Suppose 0 = -5*x - 0 + 15. Suppose 3*l = 5*d - x, -3*l - 4*d - 30 = -0*d. List the prime factors of (-8)/l*(-1392)/(-32).
2, 29
Suppose -2*f + 430 = 2*u, -5*f = 2*u - 2*f - 427. Suppose -4*d + 662 = u. List the prime factors of d.
3, 37
Let p = 38 + -34. Suppose -13 = 3*q + p*k + 7, 0 = -q - 4*k - 12. List the prime factors of (-95)/q - (-2)/8.
2, 3
Let r be (3/(-2))/(9/24). Let s(p) = 3*p**2 - p. Let h be s(r). Suppose 40 = 4*f - h. What are the prime factors of f?
23
Suppose 2*t = -0*t + 22. Let l = 14 - t. Suppose -l*u + 42 = -2*u. What are the prime factors of u?
2, 3, 7
Let i = -14 - -19. List the prime factors of 179/i + (-3)/(-15).
2, 3
Suppose 2*f + 2*f = -5*y - 1536, -4*y - 2*f = 1230. Let p = y - -555. What are the prime factors of p?
13, 19
Suppose -3*o + 14 = 2. Suppose -o*n + 4*f + 13 + 23 = 0, -3*f - 17 = -2*n. List the prime factors of (17 - 0)*n/10.
17
Let i = 1553 + -100. What are the prime factors of i?
1453
Suppose -13*k + 25*k = 1320. Suppose -3*d = -617 + k. What are the prime factors of d?
13
Let s(v) = -v**3 - 4*v**2 - 5*v + 2. Suppose 0 = 4*i + 20. List the prime factors of s(i).
2, 13
Let t(l) = -l**2 + 11*l + 1. Let c be t(11). Suppose -z = -0*z - c. What are the prime factors of (90/3 - z)/1?
29
What are the prime factors of (9/(-9))/(1/(-85))?
5, 17
Let d = -15 + 19. Let o = d + 2. Let i(q) = 6*q + 15. What are the prime factors of i(o)?
3, 17
Let j = 13589 + -7010. List the prime factors of j.
3, 17, 43
Suppose r + 10*q = 5*q + 28, -5*r + 2*q + 5 = 0. Suppose 0 = r*p - 13*p + 1560. What are the prime factors of p?
2, 3, 13
Suppose -2*g = -d - 2*d + 321, 3*d + 5*g = 300. Let y = d + -57. List the prime factors of y.
2, 3
Let m(b) = 904*b - 29. List the prime factors of m(4).
17, 211
Let m be 590/18 + (-4)/(-18). Let j = m - 0. List the prime factors of j.
3, 11
Suppose 3*d - 6 - 162 = 0. What are the prime factors of 30/((-1 - 1)*(-21)/d)?
2, 5
Let b = -17 + 8. Let a(x) = -x**3 - 9*x**2 + 9. List the prime factors of a(b).
3
Suppose 6*q = 8*q + 4. What are the prime factors of -3 + (q - -59) - (-1 - 2)?
3, 19
Let h be 5 + 1 + -2 - 1. Suppose 6*k - 2*k = 8. Suppose k*b - h*b + 17 = 0. List the prime factors of b.
17
Suppose 15*d = 13*d + 6. Let v be (-8)/6*12/(-8). Suppose 3*q + 54 = 2*z, d*z = v*q - q + 74. What are the prime factors of z?
2, 3
Suppose -2*t + 0 - 4 = 0. Let j be ((-6)/(-5))/(t/(-5)). Suppose 0 = f + j*f - 40. What are the prime factors of f?
2, 5
Let k = 28 - 26. Let y = -14 - -17. What are the prime factors of y*152/12 + k?
2, 5
Let k be (24/100*15)/(4/10). Suppose -z + k*z = 496. List the prime factors of z.
2, 31
Let h = -424 + 4528. List the prime factors of h.
2, 3, 19
Let p(n) = n**3 + 2*n**2 - 3*n + 7. Suppose 20 = -4*r + 36. List the prime factors of p(r).
7, 13
Let t = 36 + -77. Let r = 58 + t. What are the prime factors of r?
17
Let x be 4/10 + 1464/(-10). Let y = 236 + x. What are the prime factors of y?
2, 3, 5
Let f = -24 - -35. Suppose -2*o = 3*d + f, 4*o - 3*d = -d - 14. List the prime factors of 12/(2 + o + 3).
2, 3
Suppose -4*w + 10484 = -t, w - 2621 = 3*t - 9*t. What are the prime factors of w?
2621
Suppose -2*t = -5*g + 8451, 0 = -5*g - 0*g - t + 8442. What are the prime factors of g?
3, 563
Let b(y) = y**2 - 14*y + 16. Let u be 8/52 + 2/(26/245). List the prime factors of b(u).
3, 37
Let a = 1244 + -1126. What are the prime factors of a?
2, 59
Let h(n) = 13*n + 14. Suppose 0 = 2*o - 5*o + 3*p + 24, 0 = 3*p + 3. Let w be h(o). List the prime factors of 15/20 - w/(-4).
3
Suppose 4*u - 3266 = -2*o, 0*u = -3*u - 2*o + 2449. List the prime factors of u.
19, 43
Let m(k) = 57*k + 13. Let v be m(4). Suppose 2*c + v = w, -2*c = 2*w - 3*c - 497. What are the prime factors of w?
251
Let a = -2645 - -3939. What are the prime factors of a?
2, 647
Le